{"id":45,"date":"2019-10-12T16:44:50","date_gmt":"2019-10-12T16:44:50","guid":{"rendered":"https:\/\/leipomo.band\/?page_id=45"},"modified":"2026-03-28T07:41:09","modified_gmt":"2026-03-28T07:41:09","slug":"keikat","status":"publish","type":"page","link":"https:\/\/leipomo.band\/index.php\/keikat\/","title":{"rendered":"Keikat"},"content":{"rendered":"\n<p><\/p>\n\n\n\n<h2 class=\"wp-block-heading\">Tulevat<\/h2>\n\n\n\n<ul id=\"block-b50db442-4c8d-4430-a958-8890fb861e14\" class=\"wp-block-list\">\n<li>la 02.05. <a href=\"https:\/\/www.opistonkunkku.com\/tapahtumat\">Opiston Kunkun kellari<\/a><\/li>\n\n\n\n<li>la 23.05. Tampere, <a href=\"https:\/\/suuretoluet.fi\/tampere\/\">Suuret oluet, pienet panimot -tapahtuma<\/a><\/li>\n\n\n\n<li>la 30.05. <a href=\"https:\/\/www.opistonkunkku.com\/tapahtumat\">Opiston Kunkun kellari<\/a><\/li>\n\n\n\n<li>la 27.06. Lahti, <a href=\"https:\/\/suuretoluet.fi\/lahti\/\">Suuret oluet, pienet panimot -tapahtuma<\/a><\/li>\n\n\n\n<li>ke 15.07. <a href=\"https:\/\/sipurannavetta.com\/\">Sipuran navetta<\/a><\/li>\n\n\n\n<li>ke 22.07. Helsinki, <a href=\"https:\/\/suuretoluet.fi\/helsinki\/\">Suuret oluet, pienet panimot -tapahtuma<\/a><\/li>\n<\/ul>\n\n\n\n<h2 class=\"wp-block-heading\">Menneet<\/h2>\n\n\n\n<h2 class=\"wp-block-heading\">2026<\/h2>\n\n\n\n<ul class=\"wp-block-list\">\n<li>la 21.03. Opiston Kunkun kellari<\/li>\n<\/ul>\n\n\n\n<h2 class=\"wp-block-heading\">2025<\/h2>\n\n\n\n<ul id=\"block-b50db442-4c8d-4430-a958-8890fb861e14\" class=\"wp-block-list\">\n<li>la 4.10. Opiston Kunkun kellari<\/li>\n\n\n\n<li>la 02.08. Helsinki, <a href=\"https:\/\/suuretoluet.fi\/helsinki\/\">Suuret oluet, pienet panimot -tapahtuma<\/a><\/li>\n\n\n\n<li>la 05.07. Lahti, <a href=\"https:\/\/suuretoluet.fi\/lahti\/\">Suuret oluet, pienet panimot -tapahtuma<\/a><\/li>\n\n\n\n<li>la 24.05. Opiston Kunkun kellari<\/li>\n\n\n\n<li>la 26.04. Opiston Kunkun kellari<\/li>\n\n\n\n<li>la 12.04. Apua Ukrainaan! -tukikonsertti Opiston Kunkun juhlasalissa<\/li>\n\n\n\n<li>la 01.02. Opiston Kunkun kellari<\/li>\n<\/ul>\n\n\n\n<h3 class=\"wp-block-heading\">2024<\/h3>\n\n\n\n<ul id=\"block-b50db442-4c8d-4430-a958-8890fb861e14\" class=\"wp-block-list\">\n<li>pe 15.11. Hennalan upseerikerho<\/li>\n\n\n\n<li>la 26.10. Opiston Kunkun kellari<\/li>\n\n\n\n<li>la 28.09. Opiston Kunkun kellari<\/li>\n\n\n\n<li>pe 09.08. Hennalan upseerikerho<\/li>\n\n\n\n<li>ke 10.07. Hollola, ravintola <a href=\"http:\/\/www.hollolanhirvi.fi\/www\/hollolan-hirven-kesakeskiviikkojen-2023-ohjelma\/\">Hollolan Hirvi<\/a><\/li>\n\n\n\n<li>la 06.07. Lahti, Suuret oluet, pienet panimot -tapahtuma<\/li>\n\n\n\n<li>la 09.03. <span style=\"font-size: 1.125rem;\">Lahti, ravintola <\/span><a style=\"font-size: 1.125rem;\" href=\"https:\/\/www.opistonkunkku.com\/kellari-bar\">Opiston Kunkun kellari<\/a><\/li>\n\n\n\n<li>la 03.02. <span style=\"font-size: 1.125rem;\">Lahti, ravintola <\/span><a style=\"font-size: 1.125rem;\" href=\"https:\/\/www.opistonkunkku.com\/kellari-bar\">Opiston Kunkun kellari<\/a><\/li>\n\n\n\n<li>la 06.01. Lahti, ravintola <a href=\"https:\/\/www.opistonkunkku.com\/kellari-bar\">Opiston Kunkun kellari<\/a><\/li>\n<\/ul>\n\n\n\n<h3 class=\"wp-block-heading\">2023<\/h3>\n\n\n\n<ul id=\"block-b50db442-4c8d-4430-a958-8890fb861e14\" class=\"wp-block-list\">\n<li>la 04.11. <span style=\"font-size: 1.125rem;\">Lahti, ravintola <\/span><a style=\"font-size: 1.125rem;\" href=\"https:\/\/www.opistonkunkku.com\/kellari-bar\">Opiston Kunkun kellari<\/a><\/li>\n\n\n\n<li>la 14.10. <span style=\"font-size: 1.125rem;\">Lahti, ravintola <\/span><a style=\"font-size: 1.125rem;\" href=\"https:\/\/www.opistonkunkku.com\/kellari-bar\">Opiston Kunkun kellari<\/a><\/li>\n\n\n\n<li>pe 29.09. Hennalan Upseerikerho<\/li>\n\n\n\n<li><span style=\"font-size: 1.125rem;\">to 27.07. Helsinki, <\/span><a style=\"font-size: 1.125rem;\" href=\"https:\/\/suuretoluet.fi\/helsinki\/\">Suuret Oluet &#8211; Pienet Panimot<\/a><span style=\"font-size: 1.125rem;\"> (Rautatientori)<\/span><\/li>\n\n\n\n<li>ke 26.07. Porvoo, <a href=\"https:\/\/bosgard.com\/collections\/tapahtumat\">Bosg\u00e5rdin kartano<\/a>n musiikkiklubi<\/li>\n\n\n\n<li>ke 28.06. Hollola, ravintola <a href=\"http:\/\/www.hollolanhirvi.fi\/www\/hollolan-hirven-kesakeskiviikkojen-2023-ohjelma\/\">Hollolan Hirvi<\/a><\/li>\n\n\n\n<li>pe 02.06. <span style=\"font-size: 1.125rem;\">Lahti, ravintola <\/span><a style=\"font-size: 1.125rem;\" href=\"https:\/\/www.opistonkunkku.com\/kellari-bar\">Opiston Kunkun kellari<\/a><\/li>\n\n\n\n<li>la 29.04. <span style=\"font-size: 1.125rem;\">Lahti, ravintola <\/span><a style=\"font-size: 1.125rem;\" href=\"https:\/\/www.opistonkunkku.com\/kellari-bar\">Opiston Kunkun kellari<\/a><\/li>\n\n\n\n<li>la 11.03. <span style=\"font-size: 1.125rem;\">Lahti, ravintola <\/span><a style=\"font-size: 1.125rem;\" href=\"https:\/\/www.opistonkunkku.com\/kellari-bar\">Opiston Kunkun kellari<\/a><\/li>\n\n\n\n<li>la 11.02. <span style=\"font-size: 1.125rem;\">Lahti, ravintola <\/span><a style=\"font-size: 1.125rem;\" href=\"https:\/\/www.opistonkunkku.com\/kellari-bar\">Opiston Kunkun kellari<\/a><\/li>\n<\/ul>\n\n\n\n<h3 class=\"wp-block-heading\">2022<\/h3>\n\n\n\n<ul class=\"wp-block-list\">\n<li>la 03.09. Uusikyl\u00e4 600 vuotta! -festari<\/li>\n\n\n\n<li>la 06.08. Karkkila, Pub Pikkup\u00e4ssi<\/li>\n\n\n\n<li>pe 29.07. Lahti, Opiston Kunkun Terassi<\/li>\n\n\n\n<li>ke 27.07. Porvoo, Bosg\u00e5rdin kartanon musiikkiklubi<\/li>\n\n\n\n<li>la 09.07. Lahti, Suuret oluet, pienet panimot -tapahtuma<\/li>\n\n\n\n<li>la 02.07. Mikkeli, Farmari-maatalousn\u00e4yttely<\/li>\n\n\n\n<li>pe 17.06. Lahti, yksityistilaisuus<\/li>\n\n\n\n<li>ke 15.06. Hollola, ravintola Hollolan Hirvi<\/li>\n\n\n\n<li>la 11.06. Lahti, ravintola Karanda<\/li>\n\n\n\n<li><span style=\"font-size: 1.125rem;\">23.04. <span style=\"font-size: 1.125rem;\">Lahti, ravintola <\/span><a style=\"font-size: 1.125rem;\" href=\"https:\/\/www.opistonkunkku.com\/kellari-bar\">Opiston Kunkun kellari<\/a><\/span><\/li>\n\n\n\n<li>08.04. Lahti, yksityistilaisuus<\/li>\n\n\n\n<li>09.03. Lahti, ravintola Virasto<\/li>\n<\/ul>\n\n\n\n<h3 class=\"wp-block-heading\">2021<\/h3>\n\n\n\n<ul class=\"wp-block-list\">\n<li>03.12. Lahti, yksityistilaisuus (peruttu koronariskin vuoksi)<\/li>\n\n\n\n<li>01.12. Lahti, ukujamit Pub Virastossa<\/li>\n\n\n\n<li>03.09. Lahti, Teerenpeli<\/li>\n\n\n\n<li>07.08. Lahti, Anttilanm\u00e4en kyl\u00e4juhla<\/li>\n\n\n\n<li>30.07. Nastola, Immil\u00e4n Myllyjazz<\/li>\n\n\n\n<li>23.07. Hollola, Hollolan hirvi<\/li>\n\n\n\n<li>10.07. Lahden satama, Suuret oluet, pienet panimot<\/li>\n\n\n\n<li>09.06. Helsinki, Espan lava<\/li>\n\n\n\n<li>helmikuu, Lahti, Upseerikerho, lykk\u00e4\u00e4ntyy koronaviruksen vuoksi<\/li>\n<\/ul>\n\n\n\n<h3 class=\"wp-block-heading\">2020<\/h3>\n\n\n\n<ul class=\"wp-block-list\">\n<li>20.11. Lahden musiikkiopisto, osana laajempaa kokonaisuutta<\/li>\n\n\n\n<li>13.11. Lahti, Upseerikerho<\/li>\n\n\n\n<li>04.09.  Lahti Fringe Festival, Lanun aukio klo 18.30 ja Pub Virasto klo 20.00<\/li>\n\n\n\n<li>08.08  Kouvola, Kymijoki Beer Festival <\/li>\n\n\n\n<li>12.06. Lahti (yritystilaisuus), peruttu koronavirusriskin vuoksi<\/li>\n\n\n\n<li>06.06. Nastola (yksityistilaisuus), peruttu koronavirusriskin vuoksi<\/li>\n\n\n\n<li>09.05. Lahti (yksityistilaisuus), siirtyy koronavirusriskin vuoksi<\/li>\n\n\n\n<li>06.05. Markkinajamit Lahdessa, peruttu koronavirusriskin vuoksi<\/li>\n\n\n\n<li>03.04. Lahti (yritystilaisuus), peruttu koronavirusriskin vuoksi<\/li>\n\n\n\n<li>01.04. Markkinajamit Lahdessa, peruttu koronavirusriskin vuoksi<\/li>\n\n\n\n<li>14.02. Lahti (yksityistilaisuus)<\/li>\n\n\n\n<li>22.01. Lahti, musiikkiopisto<\/li>\n\n\n\n<li>18.01. Lepp\u00e4virta (TWUF:n p\u00e4\u00e4konsertti)<\/li>\n\n\n\n<li>08.01. Lahti (ravintola Pikku hanhi)<\/li>\n<\/ul>\n\n\n\n<h3 class=\"wp-block-heading\">2019<\/h3>\n\n\n\n<ul class=\"wp-block-list\">\n<li>06.11. Lahti (Ravintola Virasto)<\/li>\n\n\n\n<li>28.09. Lahti (yksityistilaisuus)<\/li>\n\n\n\n<li>07.09 Lahti (Fringe Festival) <\/li>\n\n\n\n<li>17.08. Tervakoski (Napulele ukulele-festivaali) <\/li>\n\n\n\n<li>27.07 Orimattila (Mallusjoen takink\u00e4\u00e4nt\u00f6viikko)<\/li>\n\n\n\n<li>20.07. Helsinki (Seurasaaren markkinat) <\/li>\n\n\n\n<li>24.04. Lahti (Varasl\u00e4ht\u00f6 Vappuun Musiikkiopistolla) <\/li>\n\n\n\n<li>10.04. Lahti (yksityistilaisuus) <\/li>\n\n\n\n<li>03.04. Lahti, (Pikku Hanhi) <\/li>\n\n\n\n<li>06.03. Lahti, (Jamit ravintola Hiidenkivess\u00e4) <\/li>\n\n\n\n<li>20.02. Lahti, (Ph-Uket &amp; Slaavilainen Duo Musiikiopistolla) <\/li>\n\n\n\n<li>18.-20.01. Lepp\u00e4virta (Tropical Winter Ukulele Festival) <\/li>\n<\/ul>\n\n\n\n<p><\/p>\n\n\n\n<h3 class=\"wp-block-heading\">2018<\/h3>\n\n\n\n<ul class=\"wp-block-list\">\n<li>24.11. Lahti (Ukulele-teemap\u00e4iv\u00e4 Keskusmusiikissa)<\/li>\n\n\n\n<li>21.11. Lahti (Superteatteri)<\/li>\n\n\n\n<li>07.11. Lahti (Hiidenkivi)<\/li>\n\n\n\n<li>07.11. Lahti (Musikki-ilta Musiikkiopistolla)<\/li>\n\n\n\n<li>07.11. Lahti (Markkinasoittelot Kauppakeskus Sykkeess\u00e4)<\/li>\n\n\n\n<li>18.10. Lahti (orkestereiden ilta Lahden Musiikkiopistolla)<\/li>\n\n\n\n<li>01.09. Lahti (Fringe Festival)<\/li>\n\n\n\n<li>29.08. Lahti (Fringe Festival)<\/li>\n\n\n\n<li>06.06. Lahti (markkinasoittelot Sokoksen nurkalla)<\/li>\n\n\n\n<li>17.05. Lahti (orkesterikonsertti Lahden Musiikkiopistolla)<\/li>\n<\/ul>\n\n\n\n<p><\/p>\n","protected":false},"excerpt":{"rendered":"<p>Tulevat Menneet 2026 2025 2024 2023 2022 2021 2020 2019 2018<\/p>\n","protected":false},"author":1,"featured_media":582,"parent":0,"menu_order":0,"comment_status":"closed","ping_status":"closed","template":"","meta":{"ngg_post_thumbnail":0,"footnotes":""},"class_list":["post-45","page","type-page","status-publish","has-post-thumbnail","hentry"],"yoast_head":"<!-- This site is optimized with the Yoast SEO plugin v21.9.1 - https:\/\/yoast.com\/wordpress\/plugins\/seo\/ -->\n<title>Keikat -<\/title>\n<meta name=\"robots\" content=\"index, follow, max-snippet:-1, max-image-preview:large, max-video-preview:-1\" \/>\n<link rel=\"canonical\" href=\"https:\/\/leipomo.band\/index.php\/keikat\/\" \/>\n<meta property=\"og:locale\" content=\"fi_FI\" \/>\n<meta property=\"og:type\" content=\"article\" \/>\n<meta property=\"og:title\" content=\"Keikat -\" \/>\n<meta property=\"og:description\" content=\"Tulevat Menneet 2026 2025 2024 2023 2022 2021 2020 2019 2018\" \/>\n<meta property=\"og:url\" content=\"https:\/\/leipomo.band\/index.php\/keikat\/\" \/>\n<meta property=\"article:modified_time\" content=\"2026-03-28T07:41:09+00:00\" \/>\n<meta property=\"og:image\" content=\"https:\/\/leipomo.band\/wp-content\/uploads\/2026\/02\/Logotapetti.jpg\" \/>\n\t<meta property=\"og:image:width\" content=\"2000\" \/>\n\t<meta property=\"og:image:height\" content=\"1414\" \/>\n\t<meta property=\"og:image:type\" content=\"image\/jpeg\" \/>\n<meta name=\"twitter:card\" content=\"summary_large_image\" \/>\n<meta name=\"twitter:site\" content=\"@leipomoband\" \/>\n<meta name=\"twitter:label1\" content=\"Arvioitu lukuaika\" \/>\n\t<meta name=\"twitter:data1\" content=\"4 minuuttia\" \/>\n<script type=\"application\/ld+json\" class=\"yoast-schema-graph\">{\"@context\":\"https:\/\/schema.org\",\"@graph\":[{\"@type\":\"WebPage\",\"@id\":\"https:\/\/leipomo.band\/index.php\/keikat\/\",\"url\":\"https:\/\/leipomo.band\/index.php\/keikat\/\",\"name\":\"Keikat -\",\"isPartOf\":{\"@id\":\"https:\/\/leipomo.band\/#website\"},\"datePublished\":\"2019-10-12T16:44:50+00:00\",\"dateModified\":\"2026-03-28T07:41:09+00:00\",\"breadcrumb\":{\"@id\":\"https:\/\/leipomo.band\/index.php\/keikat\/#breadcrumb\"},\"inLanguage\":\"fi\",\"potentialAction\":[{\"@type\":\"ReadAction\",\"target\":[\"https:\/\/leipomo.band\/index.php\/keikat\/\"]}]},{\"@type\":\"BreadcrumbList\",\"@id\":\"https:\/\/leipomo.band\/index.php\/keikat\/#breadcrumb\",\"itemListElement\":[{\"@type\":\"ListItem\",\"position\":1,\"name\":\"Home\",\"item\":\"https:\/\/leipomo.band\/\"},{\"@type\":\"ListItem\",\"position\":2,\"name\":\"Keikat\"}]},{\"@type\":\"WebSite\",\"@id\":\"https:\/\/leipomo.band\/#website\",\"url\":\"https:\/\/leipomo.band\/\",\"name\":\"Leipomo\",\"description\":\"Patinoitunutta popul&auml;&auml;rimusiikkia\",\"publisher\":{\"@id\":\"https:\/\/leipomo.band\/#organization\"},\"potentialAction\":[{\"@type\":\"SearchAction\",\"target\":{\"@type\":\"EntryPoint\",\"urlTemplate\":\"https:\/\/leipomo.band\/?s={search_term_string}\"},\"query-input\":\"required name=search_term_string\"}],\"inLanguage\":\"fi\"},{\"@type\":\"Organization\",\"@id\":\"https:\/\/leipomo.band\/#organization\",\"name\":\"Leipomo\",\"url\":\"https:\/\/leipomo.band\/\",\"logo\":{\"@type\":\"ImageObject\",\"inLanguage\":\"fi\",\"@id\":\"https:\/\/leipomo.band\/#\/schema\/logo\/image\/\",\"url\":\"https:\/\/leipomo.band\/wp-content\/uploads\/2019\/09\/Logo_320x320.png\",\"contentUrl\":\"https:\/\/leipomo.band\/wp-content\/uploads\/2019\/09\/Logo_320x320.png\",\"width\":320,\"height\":320,\"caption\":\"Leipomo\"},\"image\":{\"@id\":\"https:\/\/leipomo.band\/#\/schema\/logo\/image\/\"},\"sameAs\":[\"https:\/\/twitter.com\/leipomoband\"]}]}<\/script>\n<!-- \/ Yoast SEO plugin. -->","yoast_head_json":{"title":"Keikat -","robots":{"index":"index","follow":"follow","max-snippet":"max-snippet:-1","max-image-preview":"max-image-preview:large","max-video-preview":"max-video-preview:-1"},"canonical":"https:\/\/leipomo.band\/index.php\/keikat\/","og_locale":"fi_FI","og_type":"article","og_title":"Keikat -","og_description":"Tulevat Menneet 2026 2025 2024 2023 2022 2021 2020 2019 2018","og_url":"https:\/\/leipomo.band\/index.php\/keikat\/","article_modified_time":"2026-03-28T07:41:09+00:00","og_image":[{"width":2000,"height":1414,"url":"https:\/\/leipomo.band\/wp-content\/uploads\/2026\/02\/Logotapetti.jpg","type":"image\/jpeg"}],"twitter_card":"summary_large_image","twitter_site":"@leipomoband","twitter_misc":{"Arvioitu lukuaika":"4 minuuttia"},"schema":{"@context":"https:\/\/schema.org","@graph":[{"@type":"WebPage","@id":"https:\/\/leipomo.band\/index.php\/keikat\/","url":"https:\/\/leipomo.band\/index.php\/keikat\/","name":"Keikat -","isPartOf":{"@id":"https:\/\/leipomo.band\/#website"},"datePublished":"2019-10-12T16:44:50+00:00","dateModified":"2026-03-28T07:41:09+00:00","breadcrumb":{"@id":"https:\/\/leipomo.band\/index.php\/keikat\/#breadcrumb"},"inLanguage":"fi","potentialAction":[{"@type":"ReadAction","target":["https:\/\/leipomo.band\/index.php\/keikat\/"]}]},{"@type":"BreadcrumbList","@id":"https:\/\/leipomo.band\/index.php\/keikat\/#breadcrumb","itemListElement":[{"@type":"ListItem","position":1,"name":"Home","item":"https:\/\/leipomo.band\/"},{"@type":"ListItem","position":2,"name":"Keikat"}]},{"@type":"WebSite","@id":"https:\/\/leipomo.band\/#website","url":"https:\/\/leipomo.band\/","name":"Leipomo","description":"Patinoitunutta popul&auml;&auml;rimusiikkia","publisher":{"@id":"https:\/\/leipomo.band\/#organization"},"potentialAction":[{"@type":"SearchAction","target":{"@type":"EntryPoint","urlTemplate":"https:\/\/leipomo.band\/?s={search_term_string}"},"query-input":"required name=search_term_string"}],"inLanguage":"fi"},{"@type":"Organization","@id":"https:\/\/leipomo.band\/#organization","name":"Leipomo","url":"https:\/\/leipomo.band\/","logo":{"@type":"ImageObject","inLanguage":"fi","@id":"https:\/\/leipomo.band\/#\/schema\/logo\/image\/","url":"https:\/\/leipomo.band\/wp-content\/uploads\/2019\/09\/Logo_320x320.png","contentUrl":"https:\/\/leipomo.band\/wp-content\/uploads\/2019\/09\/Logo_320x320.png","width":320,"height":320,"caption":"Leipomo"},"image":{"@id":"https:\/\/leipomo.band\/#\/schema\/logo\/image\/"},"sameAs":["https:\/\/twitter.com\/leipomoband"]}]}},"_links":{"self":[{"href":"https:\/\/leipomo.band\/index.php\/wp-json\/wp\/v2\/pages\/45","targetHints":{"allow":["GET"]}}],"collection":[{"href":"https:\/\/leipomo.band\/index.php\/wp-json\/wp\/v2\/pages"}],"about":[{"href":"https:\/\/leipomo.band\/index.php\/wp-json\/wp\/v2\/types\/page"}],"author":[{"embeddable":true,"href":"https:\/\/leipomo.band\/index.php\/wp-json\/wp\/v2\/users\/1"}],"replies":[{"embeddable":true,"href":"https:\/\/leipomo.band\/index.php\/wp-json\/wp\/v2\/comments?post=45"}],"version-history":[{"count":116,"href":"https:\/\/leipomo.band\/index.php\/wp-json\/wp\/v2\/pages\/45\/revisions"}],"predecessor-version":[{"id":597,"href":"https:\/\/leipomo.band\/index.php\/wp-json\/wp\/v2\/pages\/45\/revisions\/597"}],"wp:featuredmedia":[{"embeddable":true,"href":"https:\/\/leipomo.band\/index.php\/wp-json\/wp\/v2\/media\/582"}],"wp:attachment":[{"href":"https:\/\/leipomo.band\/index.php\/wp-json\/wp\/v2\/media?parent=45"}],"curies":[{"name":"wp","href":"https:\/\/api.w.org\/{rel}","templated":true}]}}